uppose z*h = 10*h + 28. What is the greatest common factor of h and 2?
2
Let x be (-2)/(0 + 1) + 2. Suppose 4*j - t - 18 = x, -j - 3*j = 4*t - 8. Let u be (-5 + (j - 0))*-26. What is the greatest common divisor of 52 and u?
26
Let h be ((-48)/18)/((-15)/(196425/26208) - -2). What is the highest common divisor of 220 and h?
20
Let s = -210 - -1564. Suppose 122 = -8*j + s. What is the greatest common factor of j and 70?
14
Suppose 4*o + 240 = -3*n, 316 = -4*n - o - 4. Let l be (6 + -1)*-8*2/n. Calculate the highest common divisor of 67 and l.
1
Let f(a) = 135*a**3 - 2*a**2 + 31*a - 101. Let r be f(3). Calculate the highest common factor of 154 and r.
77
Let u = 294 + -262. Let t = -661 + 1173. What is the greatest common divisor of t and u?
32
Let n(j) = -j**3 + 13*j**2 - 2*j - 18. Let q be n(12). Let s = 118 - q. Calculate the highest common factor of s and 256.
16
Let x(r) = -r**2 + 3*r + 2. Let n be x(-4). Let l be (-15)/18*n*3. Let m = -189654 - -189659. Calculate the highest common divisor of l and m.
5
Let b be (12/18)/((-3)/((-2187)/6)). Let k = b - 74. Let p be (1 + k)*2*2. What is the highest common divisor of p and 16?
16
Let l = 6 + 145. Suppose -116 = l*k - 152*k. Suppose 4*b + 8 + 153 = 5*x, b = 3*x - 91. Calculate the highest common divisor of x and k.
29
Suppose 309*b + 28408 = 379*b - 27452. Calculate the highest common divisor of b and 18.
6
Let q(r) = 9*r - 11. Let z be 22/(-33) + 35/3. Let y be q(z). Suppose 3*v - 12 = 0, 3*h - v = v + 25. What is the greatest common divisor of h and y?
11
Suppose -39 = -3*z - 0. Let m be 63/z + 30/195. Calculate the highest common factor of 5 and m.
5
Let v be (-357)/(-3)*(2 - 1). Suppose -2*s + 29 = -v. Let k(a) = a**2 - 3332*a + 185. Let n be k(0). What is the greatest common divisor of n and s?
37
Let q(x) = 2*x**3 - 17*x**2 - 19*x + 6. Let b be q(9). Let n = b + 87. Calculate the highest common factor of n and 6.
3
Let c = 14112 - 13464. Calculate the greatest common factor of 504 and c.
72
Suppose -53*v + 9*v + 8448 = 0. What is the greatest common factor of 3 and v?
3
Let c(h) = -h**3 - 1. Let x(v) = -11*v**2 - 5*v + 13. Let o(r) = -2*c(r) + x(r). Let g be o(6). Let y = -6 + g. What is the highest common factor of y and 5?
5
Let o = 13807 - 13755. Calculate the greatest common factor of 5356 and o.
52
Let s be (-11)/((-44)/(-24)) - -162. Let x = -144 + s. Calculate the highest common factor of x and 132.
12
Let w(m) = -m**3 + 22*m**2 - 20*m - 20. Let h be w(21). Let q be 3*(4 - (-3 + h)). Calculate the highest common divisor of q and 342.
18
Suppose -22167 = 1156*y - 343*y - 77451. Suppose o + 464 = 2*m - 3*o, -3*o - 1181 = -5*m. Calculate the greatest common divisor of y and m.
34
Let u(r) = -434*r - 1178. Let h be u(-4). Calculate the highest common divisor of 9 and h.
9
Suppose 0 = 3*y - 3*s + 648, -4*y - 867 = -5*s - 0*s. Let p = y + 218. What is the highest common factor of p and 25?
5
Suppose -2*p + 4*i = -7*p + 423, 0 = p + 4*i - 75. Let m be p/(-58) + ((-365)/(-2) - -1). What is the highest common factor of m and 42?
14
Suppose 45 + 0 = 3*f. Suppose 1 = -h, -2*a + 5*h = 3*a + f. Let d be (29/a)/((-19)/532). What is the highest common factor of d and 29?
29
Suppose 0 = 185*j + 85*j - 55890. Calculate the greatest common divisor of 92 and j.
23
Let w be (-2)/(-3)*1376/430*(-90)/(-4). What is the greatest common factor of 128 and w?
16
Suppose -3*m - 3*q = -13311, 86*q - 91*q - 17712 = -4*m. What is the highest common factor of 62 and m?
31
Suppose -8 = -6*j - 2. Suppose 5*b + 17 = -4*q, -4*b + 2 = -2*q - 0. Let r be j*2/(-6)*b*48. What is the greatest common divisor of r and 2?
2
Let t = 36682 - 36676. Calculate the greatest common divisor of 26748 and t.
6
Suppose 9*s = 5*n + 13*s - 85, 4*n - 68 = 5*s. Suppose n = y - 1. Suppose 4*w = y*w - 364. What is the highest common factor of 78 and w?
26
Suppose 918 = 14*m - 5*m. Suppose 0 = 2*u - v - 7, 0 = v - 0 - 5. What is the highest common factor of u and m?
6
Let p(s) = 4*s**3 - 220*s**2 + 56*s - 168. Let a be p(55). What is the greatest common factor of a and 1638?
182
Let b(w) = 3*w**2 + 26*w - 4. Let p be b(-9). Suppose -5*f = -2*o + 103, 6*o - p*f = 5*o + 64. Calculate the highest common divisor of o and 6.
3
Let p(r) = -5 + 17 - 3*r**3 + 4*r**3 - 6*r**2 + 2*r. Let n be p(5). Let l be 1*13 + 2 + n. Calculate the highest common factor of l and 12.
12
Suppose 16290 = 35*n - 25*n. Calculate the greatest common factor of n and 181.
181
Let r(n) = 523*n - 1389. Let y be r(4). Calculate the highest common factor of 3034 and y.
37
Let b be 115 + 170 - ((-10)/4)/(18/36). Suppose -10 = -0*j - j. What is the highest common divisor of b and j?
10
Let g = -13 - -35. Let f be ((-2)/(-16))/(139/48928). What is the greatest common divisor of g and f?
22
Suppose 325*n - 3322870 = -2635441 + 3323071. Calculate the greatest common divisor of 20 and n.
20
Let v(r) = -17*r - 11. Let d(k) = k - 6 - 7 + 2. Let z be d(4). Let x be v(z). Calculate the greatest common factor of x and 12.
12
Let z = 284 + -25. Suppose -7 + z = 14*p. Calculate the greatest common factor of 66 and p.
6
Suppose -41 = -3*i - h, -5*i + 65 = 2*h - 5. Calculate the greatest common factor of i and 948.
12
Let q = -250 - -1294. Suppose -4*m + 2*t + q = -176, -5*m = t - 1518. Calculate the greatest common divisor of 16 and m.
16
Let q = 127 + -109. Let a be -10 + 654/q - 2/6. Calculate the greatest common factor of a and 221.
13
Suppose 4*h + 4*m - 1456 = 0, -4*m - 102 = -2*h + 626. What is the highest common divisor of 39 and h?
13
Let u be 3/(-3 - 15/(-4)). Let m(g) = 85*g + 8. Let y be m(u). Calculate the greatest common divisor of 12 and y.
12
Let d be (-170451)/6*(-1 + (-12)/(-36)). Calculate the highest common factor of d and 118.
59
Suppose -731 + 6662 = -9*g. Let f = 1028 + g. Let m(u) = -31*u - 176. Let d be m(-7). What is the greatest common factor of f and d?
41
Suppose -1360 + 1364 = -j - 5*v, 5*j - 100 = -5*v. Suppose -40 = -4*d + 3*n, -2*n = -2*d + d + 5. Calculate the greatest common divisor of j and d.
13
Let w = 124 - 72. Let o = 252 + -248. What is the greatest common factor of w and o?
4
Let f(t) = -5*t**2 - 59*t + 142. Let z be f(-12). Calculate the highest common divisor of z and 3055.
65
Suppose 28*j - 6390 + 1350 = 0. Calculate the greatest common factor of j and 756.
36
Let w(m) be the second derivative of -m**3/3 + 9*m**2 + 12*m. Let t be w(9). Suppose 300 = -t*v + 3*v. Calculate the greatest common factor of v and 25.
25
Suppose 21*u - 24*u = 5*p - 88, -3*p = -6. Calculate the highest common divisor of u and 11947.
13
Suppose -27*l = -5*q - 29*l + 4, 2*q - 5*l - 19 = 0. Suppose -4*x - 51 + 183 = n, q*x - 132 = -n. What is the greatest common factor of 352 and n?
44
Let b = -16 + 36. Suppose -b = -3*o - 14. Let q be -1 + o + 27 + 2 + -3. What is the greatest common factor of 36 and q?
9
Suppose -2*u = 16*h - 15*h - 320, 0 = 3*h - 12. Suppose 4*q - u + 114 = 0. Suppose -3*d + 12 = -21. What is the greatest common factor of q and d?
11
Let d = -37243 - -69872. Calculate the highest common divisor of d and 67.
67
Suppose t - 2*t = 3*d - 4, 3*t + 24 = 3*d. Suppose 4*q + 4 = 2*v + 16, d*v = 5*q - 13. Suppose -42 = v*k - 130. What is the highest common divisor of k and 198?
22
Let b(t) = -t**3 + 6*t**2 - 4*t + 43. Let f be b(6). Suppose -f*z + 28 = -314. What is the highest common factor of 486 and z?
18
Let f(l) = -2*l**3 + 21*l**2 - 10*l + 51. Let u be f(10). Let t = 104 - u. What is the highest common factor of 53 and t?
53
Let y be (0 + (-264)/18)/((-14)/231). Let d be 6/(-33) - (-1162)/(-22). Let t = y + d. What is the greatest common divisor of t and 27?
27
Let c = 11821 + -11745. What is the greatest common factor of 32 and c?
4
Let f = -23270 - -23334. What is the greatest common factor of f and 8800?
32
Suppose 369 = 10*i - 71. Suppose -r - i = -3*z, 5*z + 9*r - 96 = 5*r. Calculate the greatest common factor of z and 56.
8
Suppose -70*v = 501*v - 367724. Calculate the highest common factor of 1792 and v.
28
Let n be 1009 - (1/(-6) - 136/48). Calculate the highest common divisor of 396 and n.
44
Suppose 127*c - 15*c = 1792. Calculate the highest common factor of c and 94.
2
Let n(d) = 48 - 250 + d**2 - 17*d - 20 + d**2. Let f be n(-17). What is the 